{"id":3322,"date":"2026-09-02T09:35:13","date_gmt":"2026-09-02T14:35:13","guid":{"rendered":"https:\/\/museeminero.com\/?post_type=exposition&#038;p=3322"},"modified":"2026-09-02T09:51:21","modified_gmt":"2026-09-02T14:51:21","slug":"sur-toute-la-ligne","status":"publish","type":"exposition","link":"https:\/\/museeminero.com\/en\/exposition\/sur-toute-la-ligne\/","title":{"rendered":"Along the Line \u2013 Workers\u2019 Memories"},"content":{"rendered":"<h4 class=\"wp-block-heading\"><strong>Immerse yourself in factory workers' history with the exhibition Along the Line \u2013 Workers\u2019 Memories<\/strong> <strong><em>Along the Line \u2013 Workers\u2019 Memories<\/em><\/strong><\/h4>\n\n\n\n<p class=\"wp-block-paragraph\"><\/p>\n\n\n\n<p class=\"wp-block-paragraph\">Did you know that Joseph-Armand Bombardier\u2019s first factory was built in Valcourt in 1940? Since then, the company has continued to evolve and innovate. Bombardier\u2019s many constructions, expansions and improvements in working methods have left their mark in the history, and have contributed to the flourishing of the company that now bears the name BRP. Not bad for a family company that started in a rural region of Quebec!<\/p>\n\n\n\n<p class=\"wp-block-paragraph\">In the exhibit <strong><em>Along the Line \u2013 Workers\u2019 Memories<\/em><\/strong>travel through 4 eras to discover the evolution of production from the original mechanical garage to today\u2019s interconnected factories. Throughout this adventure, let yourself be immersed in history as former employees share their experiences with you!<\/p>\n\n\n\n<p class=\"wp-block-paragraph\">You want to organise a school outing, please contact us at education@museeminero.com. <\/p>\n\n\n\n<p class=\"wp-block-paragraph\">As part of this exhibition, Min\u00e9ro will also offer a program of activities for the whole family. For full program details,&nbsp;<a href=\"https:\/\/museeminero.com\/en\/activites\/\"><strong>check out our \u201cActivities\u201d page<\/strong><\/a>&nbsp;or&nbsp;<strong><a href=\"https:\/\/www.facebook.com\/museemineralogique\" target=\"_blank\" rel=\"noopener\">visit our Facebook page<\/a>.<\/strong><\/p>\n\n\n\n<p class=\"wp-block-paragraph\">The exhibit <em>Along the Line \u2013 Workers\u2019 Memories<\/em> designed and produced by the <a href=\"https:\/\/www.musees.qc.ca\/decouvrir-musees\/musees-du-quebec\/musee-de-lingeniosite-j-armand-bombardier\/\" target=\"_blank\" rel=\"noreferrer noopener\">Mus\u00e9e de l\u2019ing\u00e9niosit\u00e9 J. Armand Bombardier in Valcourt.<\/a> de Valcourt. Elle est pr\u00e9sent\u00e9e au Mus\u00e9e Min\u00e9ro de Thetford du 3 octobre 2026 au 3 janvier 2027. <\/p>\n\n\n\n<p class=\"wp-block-paragraph\">Cr\u00e9dit photo : Jean-Michel Naud<\/p>\n\n\n\n<figure class=\"wp-block-gallery has-nested-images columns-default is-cropped wp-block-gallery-1 is-layout-flex wp-block-gallery-is-layout-flex\">\n<figure class=\"wp-block-image size-large\"><img data-dominant-color=\"624639\" data-has-transparency=\"false\" style=\"--dominant-color: #624639;\" loading=\"lazy\" decoding=\"async\" width=\"1024\" height=\"683\" data-id=\"3323\" src=\"https:\/\/museeminero.com\/wp-content\/uploads\/2026\/09\/sur_toute_la_ligne_\u00a9-Jean-Michel-Naud-Photographe-1024x683.webp\" alt=\"\" class=\"wp-image-3323 not-transparent\" srcset=\"https:\/\/museeminero.com\/wp-content\/uploads\/2026\/09\/sur_toute_la_ligne_\u00a9-Jean-Michel-Naud-Photographe-1024x683.webp 1024w, https:\/\/museeminero.com\/wp-content\/uploads\/2026\/09\/sur_toute_la_ligne_\u00a9-Jean-Michel-Naud-Photographe-300x200.webp 300w, https:\/\/museeminero.com\/wp-content\/uploads\/2026\/09\/sur_toute_la_ligne_\u00a9-Jean-Michel-Naud-Photographe-768x512.webp 768w, https:\/\/museeminero.com\/wp-content\/uploads\/2026\/09\/sur_toute_la_ligne_\u00a9-Jean-Michel-Naud-Photographe-1536x1024.webp 1536w, https:\/\/museeminero.com\/wp-content\/uploads\/2026\/09\/sur_toute_la_ligne_\u00a9-Jean-Michel-Naud-Photographe-2048x1365.webp 2048w, https:\/\/museeminero.com\/wp-content\/uploads\/2026\/09\/sur_toute_la_ligne_\u00a9-Jean-Michel-Naud-Photographe-18x12.webp 18w, https:\/\/museeminero.com\/wp-content\/uploads\/2026\/09\/sur_toute_la_ligne_\u00a9-Jean-Michel-Naud-Photographe-1080x720.webp 1080w\" sizes=\"(max-width: 1024px) 100vw, 1024px\" \/><\/figure>\n\n\n\n<figure class=\"wp-block-image size-large\"><img data-dominant-color=\"6d5434\" data-has-transparency=\"false\" style=\"--dominant-color: #6d5434;\" loading=\"lazy\" decoding=\"async\" width=\"1024\" height=\"683\" data-id=\"3324\" src=\"https:\/\/museeminero.com\/wp-content\/uploads\/2026\/09\/sur_toute_la_ligne_2_\u00a9-Jean-Michel-Naud-Photographe-1024x683.webp\" alt=\"\" class=\"wp-image-3324 not-transparent\" srcset=\"https:\/\/museeminero.com\/wp-content\/uploads\/2026\/09\/sur_toute_la_ligne_2_\u00a9-Jean-Michel-Naud-Photographe-1024x683.webp 1024w, https:\/\/museeminero.com\/wp-content\/uploads\/2026\/09\/sur_toute_la_ligne_2_\u00a9-Jean-Michel-Naud-Photographe-300x200.webp 300w, https:\/\/museeminero.com\/wp-content\/uploads\/2026\/09\/sur_toute_la_ligne_2_\u00a9-Jean-Michel-Naud-Photographe-767x511.webp 767w, https:\/\/museeminero.com\/wp-content\/uploads\/2026\/09\/sur_toute_la_ligne_2_\u00a9-Jean-Michel-Naud-Photographe-1536x1024.webp 1536w, https:\/\/museeminero.com\/wp-content\/uploads\/2026\/09\/sur_toute_la_ligne_2_\u00a9-Jean-Michel-Naud-Photographe-2048x1365.webp 2048w, https:\/\/museeminero.com\/wp-content\/uploads\/2026\/09\/sur_toute_la_ligne_2_\u00a9-Jean-Michel-Naud-Photographe-18x12.webp 18w, https:\/\/museeminero.com\/wp-content\/uploads\/2026\/09\/sur_toute_la_ligne_2_\u00a9-Jean-Michel-Naud-Photographe-1080x720.webp 1080w\" sizes=\"(max-width: 1024px) 100vw, 1024px\" \/><\/figure>\n\n\n\n<figure class=\"wp-block-image size-large\"><img data-dominant-color=\"3a2f22\" data-has-transparency=\"false\" style=\"--dominant-color: #3a2f22;\" loading=\"lazy\" decoding=\"async\" width=\"1024\" height=\"683\" data-id=\"3327\" src=\"https:\/\/museeminero.com\/wp-content\/uploads\/2026\/09\/2024-04-04-MJAB-Sur-toute-la-ligne-4-1024x683.webp\" alt=\"\" class=\"wp-image-3327 not-transparent\" srcset=\"https:\/\/museeminero.com\/wp-content\/uploads\/2026\/09\/2024-04-04-MJAB-Sur-toute-la-ligne-4-1024x683.webp 1024w, https:\/\/museeminero.com\/wp-content\/uploads\/2026\/09\/2024-04-04-MJAB-Sur-toute-la-ligne-4-300x200.webp 300w, https:\/\/museeminero.com\/wp-content\/uploads\/2026\/09\/2024-04-04-MJAB-Sur-toute-la-ligne-4-768x512.webp 768w, https:\/\/museeminero.com\/wp-content\/uploads\/2026\/09\/2024-04-04-MJAB-Sur-toute-la-ligne-4-1536x1024.webp 1536w, https:\/\/museeminero.com\/wp-content\/uploads\/2026\/09\/2024-04-04-MJAB-Sur-toute-la-ligne-4-2048x1365.webp 2048w, https:\/\/museeminero.com\/wp-content\/uploads\/2026\/09\/2024-04-04-MJAB-Sur-toute-la-ligne-4-18x12.webp 18w, https:\/\/museeminero.com\/wp-content\/uploads\/2026\/09\/2024-04-04-MJAB-Sur-toute-la-ligne-4-1080x720.webp 1080w\" sizes=\"(max-width: 1024px) 100vw, 1024px\" \/><\/figure>\n<\/figure>","protected":false},"featured_media":3325,"template":"","meta":{"_acf_changed":false,"_et_pb_use_builder":"","_et_pb_old_content":"","_et_gb_content_width":"","wpupg_custom_link":[],"wpupg_custom_link_behaviour":[],"wpupg_custom_link_nofollow":[],"wpupg_custom_image":[],"wpupg_custom_image_id":[]},"exposition_lieu":[4],"class_list":["post-3322","exposition","type-exposition","status-publish","has-post-thumbnail","hentry","exposition_lieu-musee"],"acf":[],"_links":{"self":[{"href":"https:\/\/museeminero.com\/en\/wp-json\/wp\/v2\/exposition\/3322","targetHints":{"allow":["GET"]}}],"collection":[{"href":"https:\/\/museeminero.com\/en\/wp-json\/wp\/v2\/exposition"}],"about":[{"href":"https:\/\/museeminero.com\/en\/wp-json\/wp\/v2\/types\/exposition"}],"wp:featuredmedia":[{"embeddable":true,"href":"https:\/\/museeminero.com\/en\/wp-json\/wp\/v2\/media\/3325"}],"wp:attachment":[{"href":"https:\/\/museeminero.com\/en\/wp-json\/wp\/v2\/media?parent=3322"}],"wp:term":[{"taxonomy":"exposition_lieu","embeddable":true,"href":"https:\/\/museeminero.com\/en\/wp-json\/wp\/v2\/exposition_lieu?post=3322"}],"curies":[{"name":"wp","href":"https:\/\/api.w.org\/{rel}","templated":true}]}}

<h4 class="wp-block-heading"><strong>Immerse yourself in factory workers' history with the exhibition Along the Line – Workers’ Memories</strong> <strong><em>Along the Line – Workers’ Memories</em></strong></h4>



<p class="wp-block-paragraph"></p>



<p class="wp-block-paragraph">Did you know that Joseph-Armand Bombardier’s first factory was built in Valcourt in 1940? Since then, the company has continued to evolve and innovate. Bombardier’s many constructions, expansions and improvements in working methods have left their mark in the history, and have contributed to the flourishing of the company that now bears the name BRP. Not bad for a family company that started in a rural region of Quebec!</p>



<p class="wp-block-paragraph">In the exhibit <strong><em>Along the Line – Workers’ Memories</em></strong>travel through 4 eras to discover the evolution of production from the original mechanical garage to today’s interconnected factories. Throughout this adventure, let yourself be immersed in history as former employees share their experiences with you!</p>



<p class="wp-block-paragraph">You want to organise a school outing, please contact us at education@museeminero.com. </p>



<p class="wp-block-paragraph">As part of this exhibition, Minéro will also offer a program of activities for the whole family. For full program details,&nbsp;<a href="https://museeminero.com/en/activites/"><strong>check out our “Activities” page</strong></a>&nbsp;or&nbsp;<strong><a href="https://www.facebook.com/museemineralogique" target="_blank" rel="noopener">visit our Facebook page</a>.</strong></p>



<p class="wp-block-paragraph">The exhibit <em>Along the Line – Workers’ Memories</em> designed and produced by the <a href="https://www.musees.qc.ca/decouvrir-musees/musees-du-quebec/musee-de-lingeniosite-j-armand-bombardier/" target="_blank" rel="noreferrer noopener">Musée de l’ingéniosité J. Armand Bombardier in Valcourt.</a> de Valcourt. Elle est présentée au Musée Minéro de Thetford du 3 octobre 2026 au 3 janvier 2027. </p>



<p class="wp-block-paragraph">Crédit photo : Jean-Michel Naud</p>



<figure class="wp-block-gallery has-nested-images columns-default is-cropped wp-block-gallery-1 is-layout-flex wp-block-gallery-is-layout-flex">
<figure class="wp-block-image size-large"><img data-dominant-color="624639" data-has-transparency="false" style="--dominant-color: #624639;" loading="lazy" decoding="async" width="1024" height="683" data-id="3323" src="https://museeminero.com/wp-content/uploads/2026/09/sur_toute_la_ligne_©-Jean-Michel-Naud-Photographe-1024x683.webp" alt="" class="wp-image-3323 not-transparent" srcset="https://museeminero.com/wp-content/uploads/2026/09/sur_toute_la_ligne_©-Jean-Michel-Naud-Photographe-1024x683.webp 1024w, https://museeminero.com/wp-content/uploads/2026/09/sur_toute_la_ligne_©-Jean-Michel-Naud-Photographe-300x200.webp 300w, https://museeminero.com/wp-content/uploads/2026/09/sur_toute_la_ligne_©-Jean-Michel-Naud-Photographe-768x512.webp 768w, https://museeminero.com/wp-content/uploads/2026/09/sur_toute_la_ligne_©-Jean-Michel-Naud-Photographe-1536x1024.webp 1536w, https://museeminero.com/wp-content/uploads/2026/09/sur_toute_la_ligne_©-Jean-Michel-Naud-Photographe-2048x1365.webp 2048w, https://museeminero.com/wp-content/uploads/2026/09/sur_toute_la_ligne_©-Jean-Michel-Naud-Photographe-18x12.webp 18w, https://museeminero.com/wp-content/uploads/2026/09/sur_toute_la_ligne_©-Jean-Michel-Naud-Photographe-1080x720.webp 1080w" sizes="(max-width: 1024px) 100vw, 1024px" /></figure>



<figure class="wp-block-image size-large"><img data-dominant-color="6d5434" data-has-transparency="false" style="--dominant-color: #6d5434;" loading="lazy" decoding="async" width="1024" height="683" data-id="3324" src="https://museeminero.com/wp-content/uploads/2026/09/sur_toute_la_ligne_2_©-Jean-Michel-Naud-Photographe-1024x683.webp" alt="" class="wp-image-3324 not-transparent" srcset="https://museeminero.com/wp-content/uploads/2026/09/sur_toute_la_ligne_2_©-Jean-Michel-Naud-Photographe-1024x683.webp 1024w, https://museeminero.com/wp-content/uploads/2026/09/sur_toute_la_ligne_2_©-Jean-Michel-Naud-Photographe-300x200.webp 300w, https://museeminero.com/wp-content/uploads/2026/09/sur_toute_la_ligne_2_©-Jean-Michel-Naud-Photographe-767x511.webp 767w, https://museeminero.com/wp-content/uploads/2026/09/sur_toute_la_ligne_2_©-Jean-Michel-Naud-Photographe-1536x1024.webp 1536w, https://museeminero.com/wp-content/uploads/2026/09/sur_toute_la_ligne_2_©-Jean-Michel-Naud-Photographe-2048x1365.webp 2048w, https://museeminero.com/wp-content/uploads/2026/09/sur_toute_la_ligne_2_©-Jean-Michel-Naud-Photographe-18x12.webp 18w, https://museeminero.com/wp-content/uploads/2026/09/sur_toute_la_ligne_2_©-Jean-Michel-Naud-Photographe-1080x720.webp 1080w" sizes="(max-width: 1024px) 100vw, 1024px" /></figure>



<figure class="wp-block-image size-large"><img data-dominant-color="3a2f22" data-has-transparency="false" style="--dominant-color: #3a2f22;" loading="lazy" decoding="async" width="1024" height="683" data-id="3327" src="https://museeminero.com/wp-content/uploads/2026/09/2024-04-04-MJAB-Sur-toute-la-ligne-4-1024x683.webp" alt="" class="wp-image-3327 not-transparent" srcset="https://museeminero.com/wp-content/uploads/2026/09/2024-04-04-MJAB-Sur-toute-la-ligne-4-1024x683.webp 1024w, https://museeminero.com/wp-content/uploads/2026/09/2024-04-04-MJAB-Sur-toute-la-ligne-4-300x200.webp 300w, https://museeminero.com/wp-content/uploads/2026/09/2024-04-04-MJAB-Sur-toute-la-ligne-4-768x512.webp 768w, https://museeminero.com/wp-content/uploads/2026/09/2024-04-04-MJAB-Sur-toute-la-ligne-4-1536x1024.webp 1536w, https://museeminero.com/wp-content/uploads/2026/09/2024-04-04-MJAB-Sur-toute-la-ligne-4-2048x1365.webp 2048w, https://museeminero.com/wp-content/uploads/2026/09/2024-04-04-MJAB-Sur-toute-la-ligne-4-18x12.webp 18w, https://museeminero.com/wp-content/uploads/2026/09/2024-04-04-MJAB-Sur-toute-la-ligne-4-1080x720.webp 1080w" sizes="(max-width: 1024px) 100vw, 1024px" /></figure>
</figure>
